{"id":190,"date":"2020-12-12T18:11:43","date_gmt":"2020-12-12T18:11:43","guid":{"rendered":"https:\/\/heinavanker.ee\/?page_id=190"},"modified":"2025-12-08T22:44:33","modified_gmt":"2025-12-08T20:44:33","slug":"concerts-2","status":"publish","type":"page","link":"https:\/\/heinavanker.ee\/?page_id=190","title":{"rendered":"Concerts"},"content":{"rendered":"<div id=\"cs-content\" class=\"cs-content\"><div class=\"x-section e190-e1 m5a-0\"><div class=\"x-row x-container max width e190-e2 m5a-1 m5a-2\"><div class=\"x-row-inner\"><div class=\"x-col e190-e3 m5a-3\"><div class=\"x-text x-content e190-e4 m5a-4\"><h4>Concerts 2025<\/h4>\n<div class=\"\">\n<div class=\"\">Juuli 13. Tartu Jaani kirik, Festival Klaasp&auml;rlim&auml;ng<\/div>\n<div class=\"\">&nbsp;<\/div>\n<div class=\"\">September 7, Imatran Tainionkosken kirkko, XXIII Vanhan musiikin festivaali &bdquo;Vanhassa vara parempi&ldquo;<\/div>\n<\/div><\/div><div class=\"x-text x-content e190-e5 m5a-4\"><h4>Concerts 2024<\/h4>\n<div class=\"\">Veebruar 11. R&auml;pina P&uuml;ha Sakariase ja Elisabeti kirik<\/div>\n<div class=\"\">&nbsp;<\/div>\n<div class=\"\">August 12. Haapsalu Maria Magdaleena kirik, Eesti Koori&uuml;hingu suveseminar<\/div>\n<div class=\"\">&nbsp;<\/div>\n<div class=\"\">September 1. Niguliste muuseumi Antoniuse kabel, n&auml;ituse &bdquo;Sinna ja tagasi. Liivimaalaste palver&auml;nnud keskaegses Euroopas&ldquo; publikuprogramm<\/div><\/div><div class=\"x-text x-content e190-e6 m5a-4\"><h4>Concerts 2023<\/h4>\n<div class=\"\">August 9. Mustvee Halastuse ja P&uuml;ha Kolmainsuse &Uuml;hisusu kirik, VM Fest<\/div>\n<div class=\"\">&nbsp;<\/div>\n<div class=\"\">August 13. Mustvee Kultuurikeskus, VM Fest<\/div><\/div><div class=\"x-text x-content e190-e7 m5a-4\"><h4>Concerts 2022<\/h4>\n<p>Juuni 5. Rootsi Mihkli kirik, Tallinn, Vanalinna p&auml;evad, Vanamuusika vanalinnas<\/p>\n<p>Juuni 19. Nissi Maarja kirik, Nissi Kiriku Muusikafestival<\/p>\n<p>Juuli 23. Valga Apostliku &Otilde;igeusu Issidori kirik, Valga-Valka seitsme kiriku suvemuusika festival<\/p>\n<p>August 6. Kloster Sch&ouml;ntal, Hohenloher Kultursommer<\/p>\n<p>August 13. Dorfkirche Berkholz bei Schwedt, Ukerm&auml;rkische Musikwochen<\/p>\n<p>September 23. Klosterbasilika Knechtsteden, Festival Alte Musik Knechtsteden, Gregorianische Nacht<\/p>\n<p>September 25. Schlosskirche Gut Sutthausen, Festival Musica Viva<\/p>\n<p>Oktoober 2. 18:00 Keila Mihkli kirik<\/p>\n<p>Oktoober 23. P&otilde;lva Maarja kirik<br \/><br \/>Oktoober 30. Pirita klooster<br \/><br \/>Detsember 3. Haapsalu Maria Magdaleena kirik, Haapsalu kirikumuusika p&auml;evad<br \/><br \/>Detsember 4. Haapsalu Baptistikirik, Haapsalu kirikumuusika p&auml;evad<\/p><\/div><div class=\"x-text x-content e190-e8 m5a-4\"><h4>Concerts 2021<\/h4>\n<p>July 15 Sipoon Vanha kirkko \/ St. Sigfrid&rsquo;s Church<br \/>Sipoo, Finland<br \/><a href=\"https:\/\/www.sipoonsuomalainenseurakunta.fi\/tapahtumat\/2021-07-15\/kesakonsertti\" target=\"_blank\" rel=\"noopener\">LINK<\/a><\/p>\n<p>July 18 Kuriste kirik \/ Church of the Birth of the Mother of our Lord <br \/>Hiiumaa, Estonia<br \/><a href=\"https:\/\/hiiufolk.ee\/en\/\" target=\"_blank\" rel=\"noopener\">Hiiu Folk<\/a><\/p>\n<p>August 12 Rootsi-Mihkli kirik \/ St. Michael&rsquo;s Swedish Church<br \/>Tallinn, Estonia<br \/><a href=\"https:\/\/vanalinnapaevad.ee\/programm2021\/12-august\/\" target=\"_blank\" rel=\"noopener\">Tallinn Old Town Days<\/a><\/p>\n<p><br \/>August 14 Ko\u015bci&oacute;\u0142 \u015bw. Macieja \/ St. Matthew Church<br \/>Wroc\u0142aw, Poland <br \/><a href=\"https:\/\/www.nfm.wroclaw.pl\/component\/nfmcalendar\/event\/8460\" target=\"_blank\" rel=\"noopener\">Forum Musicum&nbsp;<\/a><\/p>\n<p>August 15 Harkuj&auml;rve kogukonnakirik \/ Harkuj&auml;rve Parish Church<br \/>Harju maakond, Estonia<br \/><a href=\"https:\/\/www.harku.ee\/\" target=\"_blank\" rel=\"noopener\">Harku valla kultuurifestival &bdquo;Meie inimesed&rdquo;<\/a><\/p>\n<p><br \/>September 18 Kloster Speinshart, Klosterkirche<br \/>Speinshart, Germany<br \/><a href=\"http:\/\/www.kloster-speinshart.de\/veranstaltungen\/konzerte\/index.html\" target=\"_blank\" rel=\"noopener\">LINK<\/a><\/p>\n<p>September 19 Abteikirche St.Maria \/ Abbey Church of St. Mary<br \/>Rheinland &ndash; Pfalz, Germany<br \/><a href=\"http:\/\/www.via-mediaeval.de\/\" target=\"_blank\" rel=\"noopener\">Kultursommer Rheinland-Pflaz<\/a><\/p>\n<p>November 27 \/\/ 20:00<br \/>Wunderhoeren 2021<br \/>Dreifaltigkeitskirche Worms, Marktplatz<br \/>Worms, Germany <br \/><a href=\"https:\/\/wunderhoeren.de\/konzerte\/\">https:\/\/wunderhoeren.de\/konzerte\/<\/a><\/p>\n<p>Detsember 28 \/\/ 17:30<br \/>Kaarli kirik<br \/>Tallinn, Estonia<br \/><a href=\"https:\/\/www.kaarlikogudus.ee\">https:\/\/www.kaarlikogudus.ee<\/a><\/p><\/div><div class=\"x-text x-content e190-e9 m5a-4\"><h4>Concerts 2020<\/h4>\n<p>December 19, Viimsi St. Jacob&rsquo;s Church<br \/>Nurme tee 2,&nbsp;Pringi k&uuml;la,&nbsp;Viimsi vald, Estonia<\/p>\n<p>Christmas music festival Church Holidays in the Land of Mary<br \/>November 28, St. John&rsquo;s Church, Tartu<br \/>November 29, St. Olaf&rsquo;s Church, Tallinn<\/p>\n<p>November 5, Pirita Convent,&nbsp;Tallinn<\/p>\n<p>September 18, Festival Voix et Route Romane<br \/>Eglise Saint-L&eacute;ger in Guebwiller, France<\/p>\n<p>July 29, St. Olav&rsquo;s Day <br \/>Vormsi St. Olav&rsquo;s Church, Estonia<\/p>\n<p>July 24, Ridala 800<br \/>Ridala St. Mary Magdalene Church, Estonia<\/p>\n<p>July 10, Valga Holy Spirit Church<br \/>Valga-Valka Summer Music Festival of Seven Churches<\/p>\n<p>July 3, Rapla Church Music Festival<br \/>M&auml;rjamaa St. Mary&rsquo;s Church, Estonia<\/p>\n<p>January 25, Aurore &ndash; Helsinki Renaissance Music Festival<br \/>Cathedrals and Cottages <br \/>Paavalinkirkko, Helsinki, Finland<\/p><\/div><div class=\"x-text x-content e190-e10 m5a-4\"><h4>Concerts 2019<\/h4>\n<p>January 22, Filharmonia Narodowa, Warsaw, Poland<\/p>\n<p>June 2, Rootsi-Mihkli kirik,&nbsp;&nbsp;Tallinn Old Town Days, Estonia<\/p>\n<p>Cyrillus Kreek Days 2019 in Haapsalu, on Hiiumaa and Saaremaa islands<br \/>June 8 P&uuml;halepa P&uuml;ha Laurentiuse kirik, Estonia<br \/>June 8 Haapsalu toomkirik, Estonia<br \/>June 9 Kuressaare Laurentiuse kirik, Estonia<\/p>\n<p>July 30 Tersl&oslash;se Kirke Sor&oslash; Music Festival, Denmark<br \/>August 1 Vor Frue Kirke, Svendborg, Denmark<br \/>August 3 Holstebro Kirke, Denmark<br \/>August 4 S&auml;r&ouml; Kyrka, Sweden<br \/>August 4 Falkenberg S:t Laurentii Kyrka, Sweden<br \/>August 5 Skagen Kirke, Denmark<br \/>August 6 Vestervige Kirke, Denmark<br \/>August 7 at 19:30 Thisted Kirke, Denmark<\/p>\n<p>August 9 P&uuml;ha Laurentsiuse kirik, Kuusalu, Estonia<\/p>\n<p>Tour in USA<br \/>Oct 13&nbsp;St. Philip&rsquo;s In The Hills Episcopal Church, Tucson, Arizona<br \/>Oct 15&nbsp;St. Paul's Episcopal Church, Fayetteville, Arkansas<br \/>Oct 17&nbsp;St. James' Episcopal Church, Jackson, Mississippi<br \/>Oct 19&nbsp;Fuentidue&ntilde;a Chapel, The Metropolitan Museum of Art, New York<br \/>Oct 20&nbsp;St. Luke&rsquo;s Episcopal Church, Fort Collins, Colorado<br \/>Oct 23&nbsp;Chapel of the Immaculate Conception,&nbsp;University of Dayton, Ohio<br \/>26 Oct&nbsp;Houghton Memorial Chapel, Wellesley, Massachusets<br \/>27 Oct&nbsp;Chapel of St. Peter and St. Paul,&nbsp;Keiser Concert Series, Concord, New Hampshire<\/p>\n<p>16 November&nbsp;Arvo P&auml;rdi Keskus, Laulasmaa, Estonia<\/p>\n<p>15 December O Magnum Mysterium&nbsp;Church of St. Lawrence,&nbsp;Vantaa, Finland<\/p><\/div><div class=\"x-text x-content e190-e11 m5a-4\"><h4>Concerts 2018<\/h4>\n<p>March 4, Lule\u00e5 Cathedral, Sweden<br \/>\nMarch 6, G\u00e4llivare Church, Sweden <br \/>\nMarch 7, Kiruna Church, Sweden <br \/>\nMarch 8, Nordreisa Church, Norway<br \/>\nMarch 10, Narvik Church, Norway<\/p>\n<p>April 7, St Margaret\u2019s Church, Annapolis, Maryland, USA<br \/>\nApril 8, The National Gallery of Art, Washington DC, USA<br \/>\nApril 10, St. Paul\u2019s Episcopal Church, Chattanooga, Tennessee, USA<\/p>\n<p>15. april Pirita kloostri kabel, Estonia<br \/>\n15. april Rootsi Mihkli kirik, Estonia<\/p>\n<p>June 24, Basilica di San Vitale, Ravenna, Italy<\/p>\n<p>July 22, Reigi Kirik, Estonia<\/p>\n<p>August 14, Taulum\u00e4en Kirkko, Jyv\u00e4skyl\u00e4, Finland<br \/>\nAugust 16, Sipoon Vanha Kirkko, Finland<br \/>\nAugust 19, Porin Telj\u00e4n Kirkko, Finland<br \/>\nAugust 20, Kolmen Ristin Kirkko, Imatra, Finland<\/p>\n<p>August 23, S\u00f8ller\u00f8d Kirke, Holte, Denmark<br \/>\nAugust 24, Varnhems Klosterkyrka, Sweden<br \/>\nAugust 25, Helsingborg S:ta Anna Kyrka, Sweden<br \/>\nAugust 26, Dalby heligkorskyrka, Sweden<br \/>\nAugust 26, Maribo Domkirke, Denmark <br \/>\n28 august, Nyk\u00f8bing Falster Klosterkirke, Denmark<br \/>\nAugust 31, Neust\u00e4dter Musik Sommer, Evangelische Stadtkirche Neustadt, Neustadt in Holstein, Germany<br \/>\nSeptember 1, Uckerm\u00e4rkische Musikwochen, Dorfkirche Biesenbrow in Angerm\u00fcnde, Germany<br \/>\nSeptember 4, Sch\u00f6nberger Musiksommer, St. Laurentius Kirche, Germany<\/p>\n<p>September 27, Winksele Church, Belgium<br \/>\nSeptember 28, Festival Alte Musik Knechtsteden, Basilika Knechtsteden, Dormagen, Germany<\/p>\n<p>October 20, Early Music Now, St. Joseph Chapel, Milwaukee, Wisconsin, USA<br \/>\nOctober 21, First United Methodist Church of Kenosha, Wisconsin, USA<br \/>\nOctober 23, Illinois Wesleyan University, Evelyn Chapel, Bloomington, IL, USA<\/p>\n<p>November 30, Rootsi-Mihkli Church,\u00a0Tallinn, Estonia<\/p><\/div><\/div><\/div><\/div><\/div><\/div>","protected":false},"excerpt":{"rendered":"<p>Concerts 2025 Juuli 13. Tartu Jaani kirik, Festival Klaasp&auml;rlim&auml;ng &nbsp; September 7, Imatran Tainionkosken kirkko, XXIII Vanhan musiikin festivaali &bdquo;Vanhassa vara parempi&ldquo; Concerts 2024 Veebruar 11. R&auml;pina P&uuml;ha Sakariase ja Elisabeti kirik &nbsp; August 12. Haapsalu Maria Magdaleena kirik, Eesti Koori&uuml;hingu suveseminar &nbsp; September 1. Niguliste muuseumi Antoniuse kabel, n&auml;ituse &bdquo;Sinna ja tagasi. Liivimaalaste palver&auml;nnud keskaegses Euroopas&ldquo; publikuprogrammConcerts 2023 August &#8230;<\/p>\n","protected":false},"author":1,"featured_media":0,"parent":0,"menu_order":0,"comment_status":"closed","ping_status":"closed","template":"","meta":{"footnotes":""},"class_list":["post-190","page","type-page","status-publish","hentry","no-post-thumbnail"],"_links":{"self":[{"href":"https:\/\/heinavanker.ee\/index.php?rest_route=\/wp\/v2\/pages\/190","targetHints":{"allow":["GET"]}}],"collection":[{"href":"https:\/\/heinavanker.ee\/index.php?rest_route=\/wp\/v2\/pages"}],"about":[{"href":"https:\/\/heinavanker.ee\/index.php?rest_route=\/wp\/v2\/types\/page"}],"author":[{"embeddable":true,"href":"https:\/\/heinavanker.ee\/index.php?rest_route=\/wp\/v2\/users\/1"}],"replies":[{"embeddable":true,"href":"https:\/\/heinavanker.ee\/index.php?rest_route=%2Fwp%2Fv2%2Fcomments&post=190"}],"version-history":[{"count":26,"href":"https:\/\/heinavanker.ee\/index.php?rest_route=\/wp\/v2\/pages\/190\/revisions"}],"predecessor-version":[{"id":326,"href":"https:\/\/heinavanker.ee\/index.php?rest_route=\/wp\/v2\/pages\/190\/revisions\/326"}],"wp:attachment":[{"href":"https:\/\/heinavanker.ee\/index.php?rest_route=%2Fwp%2Fv2%2Fmedia&parent=190"}],"curies":[{"name":"wp","href":"https:\/\/api.w.org\/{rel}","templated":true}]}}