{"id":201,"date":"2020-12-14T15:19:05","date_gmt":"2020-12-14T15:19:05","guid":{"rendered":"https:\/\/heinavanker.ee\/?page_id=201"},"modified":"2024-09-01T12:13:00","modified_gmt":"2024-09-01T10:13:00","slug":"programs-2","status":"publish","type":"page","link":"https:\/\/heinavanker.ee\/?page_id=201","title":{"rendered":"Programs"},"content":{"rendered":"<div id=\"cs-content\" class=\"cs-content\"><div class=\"x-section e201-e1 m5l-0\"><div class=\"x-row x-container max width e201-e2 m5l-1 m5l-2 m5l-3 m5l-4\"><div class=\"x-row-inner\"><div class=\"x-col e201-e3 m5l-7\"><div class=\"x-text x-content e201-e4 m5l-8 m5l-9\"><h4>English renaissance music<\/h4><\/div><div class=\"x-anchor x-anchor-toggle has-graphic e201-e5 m5l-b\" tabindex=\"0\" role=\"button\" data-x-toggle=\"1\" data-x-toggleable=\"e201-e5\" data-x-toggle-overlay=\"1\" aria-controls=\"e201-e5-off-canvas\" aria-expanded=\"false\" aria-haspopup=\"true\" aria-label=\"Toggle Off Canvas Content\"><div class=\"x-anchor-content\"><span class=\"x-graphic\" aria-hidden=\"true\">\n<span class=\"x-toggle x-toggle-burger x-graphic-child x-graphic-toggle\" aria-hidden=\"true\">\n\n  \n    <span class=\"x-toggle-burger-bun-t\" data-x-toggle-anim=\"x-bun-t-1\"><\/span>\n    <span class=\"x-toggle-burger-patty\" data-x-toggle-anim=\"x-patty-1\"><\/span>\n    <span class=\"x-toggle-burger-bun-b\" data-x-toggle-anim=\"x-bun-b-1\"><\/span>\n\n  \n<\/span><\/span><div class=\"x-anchor-text\"><span class=\"x-anchor-text-primary\" data-x-single-anim=\"x-scale-up\">Info<\/span><\/div><\/div><\/div><div class=\"x-text x-content e201-e6 m5l-8 m5l-a\"><p>Thomas Tallis: Lamentatio Ieremie Prophetae<\/p><\/div><div class=\"x-audio x-audio-player loop e201-e7 m5l-d m5l-e\" data-x-element-mejs=\"\"><audio class=\"x-mejs advanced-controls\" preload=\"metadata\" loop=\"\"><source src=\"https:\/\/heinavanker.ee\/mp3\/Lamentatio%201.mp3\" type=\"audio\/mpeg\"><\/audio><\/div><\/div><div class=\"x-col e201-e8 m5l-7\"><div class=\"x-text x-content e201-e9 m5l-8 m5l-9\"><h4>Cyrillius Kreek and orthodox music<\/h4><\/div><div class=\"x-anchor x-anchor-toggle has-graphic e201-e10 m5l-b\" tabindex=\"0\" role=\"button\" data-x-toggle=\"1\" data-x-toggleable=\"e201-e10\" data-x-toggle-overlay=\"1\" aria-controls=\"e201-e10-off-canvas\" aria-expanded=\"false\" aria-haspopup=\"true\" aria-label=\"Toggle Off Canvas Content\"><div class=\"x-anchor-content\"><span class=\"x-graphic\" aria-hidden=\"true\">\n<span class=\"x-toggle x-toggle-burger x-graphic-child x-graphic-toggle\" aria-hidden=\"true\">\n\n  \n    <span class=\"x-toggle-burger-bun-t\" data-x-toggle-anim=\"x-bun-t-1\"><\/span>\n    <span class=\"x-toggle-burger-patty\" data-x-toggle-anim=\"x-patty-1\"><\/span>\n    <span class=\"x-toggle-burger-bun-b\" data-x-toggle-anim=\"x-bun-b-1\"><\/span>\n\n  \n<\/span><\/span><div class=\"x-anchor-text\"><span class=\"x-anchor-text-primary\" data-x-single-anim=\"x-scale-up\">Info<\/span><\/div><\/div><\/div><div class=\"x-text x-content e201-e11 m5l-8 m5l-a\"><p>Vesper from Kreek's manuscript<\/p><\/div><div class=\"x-audio x-audio-player loop e201-e12 m5l-d m5l-e\" data-x-element-mejs=\"\"><audio class=\"x-mejs advanced-controls\" preload=\"metadata\" loop=\"\"><source src=\"https:\/\/heinavanker.ee\/mp3\/The%20Estonian%20Orthodox%20Vespers%20from%20Kreek\u2019s%20manuscript%20\u2013%20excerpt.mp3\" type=\"audio\/mpeg\"><\/audio><\/div><\/div><\/div><\/div><div class=\"x-row x-container max width e201-e13 m5l-1 m5l-3 m5l-5\"><div class=\"x-row-inner\"><div class=\"x-col e201-e14 m5l-7\"><div class=\"x-text x-content e201-e15 m5l-8 m5l-9\"><h4>Music before 1300<\/h4><\/div><div class=\"x-anchor x-anchor-toggle has-graphic e201-e16 m5l-b\" tabindex=\"0\" role=\"button\" data-x-toggle=\"1\" data-x-toggleable=\"e201-e16\" data-x-toggle-overlay=\"1\" aria-controls=\"e201-e16-off-canvas\" aria-expanded=\"false\" aria-haspopup=\"true\" aria-label=\"Toggle Off Canvas Content\"><div class=\"x-anchor-content\"><span class=\"x-graphic\" aria-hidden=\"true\">\n<span class=\"x-toggle x-toggle-burger x-graphic-child x-graphic-toggle\" aria-hidden=\"true\">\n\n  \n    <span class=\"x-toggle-burger-bun-t\" data-x-toggle-anim=\"x-bun-t-1\"><\/span>\n    <span class=\"x-toggle-burger-patty\" data-x-toggle-anim=\"x-patty-1\"><\/span>\n    <span class=\"x-toggle-burger-bun-b\" data-x-toggle-anim=\"x-bun-b-1\"><\/span>\n\n  \n<\/span><\/span><div class=\"x-anchor-text\"><span class=\"x-anchor-text-primary\" data-x-single-anim=\"x-scale-up\">Info<\/span><\/div><\/div><\/div><div class=\"x-text x-content e201-e17 m5l-8 m5l-a\"><p>Soa otsimine<\/p><\/div><div class=\"x-audio x-audio-player loop e201-e18 m5l-d m5l-e\" data-x-element-mejs=\"\"><audio class=\"x-mejs advanced-controls\" preload=\"metadata\" loop=\"\"><source src=\"https:\/\/heinavanker.ee\/mp3\/Soa%20otsimine%20MIX3.mp3\" type=\"audio\/mpeg\"><\/audio><\/div><div class=\"x-text x-content e201-e19 m5l-8 m5l-a\"><p>Hildegard von Bingen: O vis aeternitatis<\/p><\/div><div class=\"x-audio x-audio-player loop e201-e20 m5l-d m5l-e\" data-x-element-mejs=\"\"><audio class=\"x-mejs advanced-controls\" preload=\"metadata\" loop=\"\"><source src=\"https:\/\/heinavanker.ee\/mp3\/O_vis_aeternitatis.mp3\" type=\"audio\/mpeg\"><\/audio><\/div><\/div><div class=\"x-col e201-e21 m5l-7\"><div class=\"x-text x-content e201-e22 m5l-8 m5l-9\"><h4>Estonian folk hymns<\/h4><\/div><div class=\"x-anchor x-anchor-toggle has-graphic e201-e23 m5l-b\" tabindex=\"0\" role=\"button\" data-x-toggle=\"1\" data-x-toggleable=\"e201-e23\" data-x-toggle-overlay=\"1\" aria-controls=\"e201-e23-off-canvas\" aria-expanded=\"false\" aria-haspopup=\"true\" aria-label=\"Toggle Off Canvas Content\"><div class=\"x-anchor-content\"><span class=\"x-graphic\" aria-hidden=\"true\">\n<span class=\"x-toggle x-toggle-burger x-graphic-child x-graphic-toggle\" aria-hidden=\"true\">\n\n  \n    <span class=\"x-toggle-burger-bun-t\" data-x-toggle-anim=\"x-bun-t-1\"><\/span>\n    <span class=\"x-toggle-burger-patty\" data-x-toggle-anim=\"x-patty-1\"><\/span>\n    <span class=\"x-toggle-burger-bun-b\" data-x-toggle-anim=\"x-bun-b-1\"><\/span>\n\n  \n<\/span><\/span><div class=\"x-anchor-text\"><span class=\"x-anchor-text-primary\" data-x-single-anim=\"x-scale-up\">Info<\/span><\/div><\/div><\/div><div class=\"x-text x-content e201-e24 m5l-8 m5l-a\"><p>Mu s&uuml;da &auml;rka &uuml;les<\/p><\/div><div class=\"x-audio x-audio-player loop e201-e25 m5l-d m5l-e\" data-x-element-mejs=\"\"><audio class=\"x-mejs advanced-controls\" preload=\"metadata\" loop=\"\"><source src=\"https:\/\/heinavanker.ee\/mp3\/Mu%20s\u00fcda,%20\u00e4rka%20\u00fcles.mp3\" type=\"audio\/mpeg\"><\/audio><\/div><div class=\"x-text x-content e201-e26 m5l-8 m5l-a\"><p>Jeesukest ei j&auml;ta ma<\/p><\/div><div class=\"x-audio x-audio-player loop e201-e27 m5l-d m5l-e\" data-x-element-mejs=\"\"><audio class=\"x-mejs advanced-controls\" preload=\"metadata\" loop=\"\"><source src=\"https:\/\/heinavanker.ee\/mp3\/Jeesukest%20ei%20j\u00e4ta%20ma.mp3\" type=\"audio\/mpeg\"><\/audio><\/div><\/div><\/div><\/div><div class=\"x-row x-container max width e201-e28 m5l-1 m5l-3 m5l-6\"><div class=\"x-row-inner\"><div class=\"x-col e201-e29 m5l-7\"><div class=\"x-text x-content e201-e30 m5l-8 m5l-9\"><h4>Franco-Flemish school<\/h4><\/div><div class=\"x-anchor x-anchor-toggle has-graphic e201-e31 m5l-b\" tabindex=\"0\" role=\"button\" data-x-toggle=\"1\" data-x-toggleable=\"e201-e31\" data-x-toggle-overlay=\"1\" aria-controls=\"e201-e31-off-canvas\" aria-expanded=\"false\" aria-haspopup=\"true\" aria-label=\"Toggle Off Canvas Content\"><div class=\"x-anchor-content\"><span class=\"x-graphic\" aria-hidden=\"true\">\n<span class=\"x-toggle x-toggle-burger x-graphic-child x-graphic-toggle\" aria-hidden=\"true\">\n\n  \n    <span class=\"x-toggle-burger-bun-t\" data-x-toggle-anim=\"x-bun-t-1\"><\/span>\n    <span class=\"x-toggle-burger-patty\" data-x-toggle-anim=\"x-patty-1\"><\/span>\n    <span class=\"x-toggle-burger-bun-b\" data-x-toggle-anim=\"x-bun-b-1\"><\/span>\n\n  \n<\/span><\/span><div class=\"x-anchor-text\"><span class=\"x-anchor-text-primary\" data-x-single-anim=\"x-scale-up\">Info<\/span><\/div><\/div><\/div><div class=\"x-text x-content e201-e32 m5l-8 m5l-a\"><p>Ockeghem: Requiem \"Kyrie\"<\/p><\/div><div class=\"x-audio x-audio-player loop e201-e33 m5l-d m5l-e\" data-x-element-mejs=\"\"><audio class=\"x-mejs advanced-controls\" preload=\"metadata\" loop=\"\"><source src=\"https:\/\/heinavanker.ee\/mp3\/02%20Kyrie.mp3\" type=\"audio\/mpeg\"><\/audio><\/div><div class=\"x-text x-content e201-e34 m5l-8 m5l-a\"><p>Ockeghem: Requiem \"Tractus- Sicut cervus desiderat\"<\/p><\/div><div class=\"x-audio x-audio-player loop e201-e35 m5l-d m5l-e\" data-x-element-mejs=\"\"><audio class=\"x-mejs advanced-controls\" preload=\"metadata\" loop=\"\"><source src=\"https:\/\/heinavanker.ee\/mp3\/04%20Tractus.mp3\" type=\"audio\/mpeg\"><\/audio><\/div><div class=\"x-text x-content e201-e36 m5l-8 m5l-a\"><p>Marbrianus de Orto: Lamentatio<\/p><\/div><div class=\"x-audio x-audio-player loop e201-e37 m5l-d m5l-e\" data-x-element-mejs=\"\"><audio class=\"x-mejs advanced-controls\" preload=\"metadata\" loop=\"\"><source src=\"https:\/\/heinavanker.ee\/mp3\/De%20Orto%20Lamentatio%20MIX2.mp3\" type=\"audio\/mpeg\"><\/audio><\/div><\/div><div class=\"x-col e201-e38 m5l-7\"><div class=\"x-text x-content e201-e39 m5l-8 m5l-9\"><h4>Compositions of Margo K&otilde;lar<\/h4><\/div><div class=\"x-anchor x-anchor-toggle has-graphic e201-e40 m5l-b\" tabindex=\"0\" role=\"button\" data-x-toggle=\"1\" data-x-toggleable=\"e201-e40\" data-x-toggle-overlay=\"1\" aria-controls=\"e201-e40-off-canvas\" aria-expanded=\"false\" aria-haspopup=\"true\" aria-label=\"Toggle Off Canvas Content\"><div class=\"x-anchor-content\"><span class=\"x-graphic\" aria-hidden=\"true\">\n<span class=\"x-toggle x-toggle-burger x-graphic-child x-graphic-toggle\" aria-hidden=\"true\">\n\n  \n    <span class=\"x-toggle-burger-bun-t\" data-x-toggle-anim=\"x-bun-t-1\"><\/span>\n    <span class=\"x-toggle-burger-patty\" data-x-toggle-anim=\"x-patty-1\"><\/span>\n    <span class=\"x-toggle-burger-bun-b\" data-x-toggle-anim=\"x-bun-b-1\"><\/span>\n\n  \n<\/span><\/span><div class=\"x-anchor-text\"><span class=\"x-anchor-text-primary\" data-x-single-anim=\"x-scale-up\">Info<\/span><\/div><\/div><\/div><div class=\"x-text x-content e201-e41 m5l-8 m5l-a\"><p>Sinu riik on k&otilde;igi aegade riik<\/p><\/div><div class=\"x-audio x-audio-player loop e201-e42 m5l-d m5l-e\" data-x-element-mejs=\"\"><audio class=\"x-mejs advanced-controls\" preload=\"metadata\" loop=\"\"><source src=\"https:\/\/heinavanker.ee\/mp3\/Sinu%20riik%20MIX3.mp3\" type=\"audio\/mpeg\"><\/audio><\/div><div class=\"x-text x-content e201-e43 m5l-8 m5l-a\"><p>Salve Regina<\/p><\/div><div class=\"x-audio x-audio-player loop e201-e44 m5l-d m5l-e\" data-x-element-mejs=\"\"><audio class=\"x-mejs advanced-controls\" preload=\"metadata\" loop=\"\"><source src=\"https:\/\/heinavanker.ee\/mp3\/Salve%20Regina%20MK%20MIX_2.mp3\" type=\"audio\/mpeg\"><\/audio><\/div><\/div><\/div><\/div><\/div><\/div>","protected":false},"excerpt":{"rendered":"<p>English renaissance music InfoThomas Tallis: Lamentatio Ieremie ProphetaeCyrillius Kreek and orthodox music InfoVesper from Kreek&#8217;s manuscriptMusic before 1300 InfoSoa otsimineHildegard von Bingen: O vis aeternitatisEstonian folk hymns InfoMu s&uuml;da &auml;rka &uuml;lesJeesukest ei j&auml;ta maFranco-Flemish school InfoOckeghem: Requiem &#8220;Kyrie&#8221;Ockeghem: Requiem &#8220;Tractus- Sicut cervus desiderat&#8221;Marbrianus de Orto: LamentatioCompositions of Margo K&otilde;lar InfoSinu riik on k&otilde;igi aegade riikSalve Regina<\/p>\n","protected":false},"author":1,"featured_media":0,"parent":0,"menu_order":0,"comment_status":"closed","ping_status":"closed","template":"","meta":{"footnotes":""},"class_list":["post-201","page","type-page","status-publish","hentry","no-post-thumbnail"],"_links":{"self":[{"href":"https:\/\/heinavanker.ee\/index.php?rest_route=\/wp\/v2\/pages\/201","targetHints":{"allow":["GET"]}}],"collection":[{"href":"https:\/\/heinavanker.ee\/index.php?rest_route=\/wp\/v2\/pages"}],"about":[{"href":"https:\/\/heinavanker.ee\/index.php?rest_route=\/wp\/v2\/types\/page"}],"author":[{"embeddable":true,"href":"https:\/\/heinavanker.ee\/index.php?rest_route=\/wp\/v2\/users\/1"}],"replies":[{"embeddable":true,"href":"https:\/\/heinavanker.ee\/index.php?rest_route=%2Fwp%2Fv2%2Fcomments&post=201"}],"version-history":[{"count":31,"href":"https:\/\/heinavanker.ee\/index.php?rest_route=\/wp\/v2\/pages\/201\/revisions"}],"predecessor-version":[{"id":319,"href":"https:\/\/heinavanker.ee\/index.php?rest_route=\/wp\/v2\/pages\/201\/revisions\/319"}],"wp:attachment":[{"href":"https:\/\/heinavanker.ee\/index.php?rest_route=%2Fwp%2Fv2%2Fmedia&parent=201"}],"curies":[{"name":"wp","href":"https:\/\/api.w.org\/{rel}","templated":true}]}}